{"id":1184,"date":"2021-07-27T21:44:36","date_gmt":"2021-07-27T19:44:36","guid":{"rendered":"http:\/\/qxxoqlu.cluster028.hosting.ovh.net\/?page_id=1184"},"modified":"2021-10-22T13:30:15","modified_gmt":"2021-10-22T11:30:15","slug":"a-propos-2","status":"publish","type":"page","link":"https:\/\/audreythomas-architecte.com\/index.php\/a-propos-2\/","title":{"rendered":"\u00c0 PROPOS"},"content":{"rendered":"\n<p>C\u2019est avec enthousiasme et curiosit\u00e9 que je travaille sur chacun des projets qui me sont confi\u00e9s.<\/p>\n\n\n\n<p class=\"has-text-align-justify\"><span style=\"color:#cbc8c2\" class=\"has-inline-color\">J\u2019accompagne mes clients dans chaque \u00e9tape, des esquisses jusqu\u2019\u00e0 la r\u00e9ception du chantier, pour pouvoir mettre en lumi\u00e8re des espaces qui r\u00e9pondent \u00e0 leurs besoins. Mon approche s\u2019adapte \u00e0 chaque projet ce qui la rend unique. J\u2019imagine les projets aussi bien dans leur forme que leur fond ce qui me permets d\u2019avoir une approche globale des espaces \u00e0 travailler.<\/span><\/p>\n\n\n\n<p class=\"has-text-align-justify\"><span style=\"color:#cbc8c2\" class=\"has-inline-color\">Sensible aux d\u00e9tails, je d\u00e9veloppe une architecture qui explore les liens entre les mat\u00e9riaux et les textures afin de lui donner du sens. Dans une d\u00e9marche d\u2019\u00e9change, garante de la justesse, de la coh\u00e9rence du projet au regard du programme et du budget, je recherche de mani\u00e8re pragmatique le projet optimal r\u00e9pondant aux besoins du ma\u00eetre d\u2019ouvrage.<\/span><\/p>\n\n\n\n<hr class=\"wp-block-separator has-text-color has-background has-luminous-vivid-orange-background-color has-luminous-vivid-orange-color is-style-wide\"\/>\n\n\n\n<div class=\"wp-block-group\"><div class=\"wp-block-group__inner-container\">\n<div class=\"wp-block-group\"><div class=\"wp-block-group__inner-container\">\n<ul class=\"has-text-color\" style=\"color:#f3d6be\"><li><span style=\"color:#f3d6be\" class=\"has-inline-color\">2011 &#8211; Dipl\u00f4me Architecte d\u2019Etat \u00e0 l\u2019ENSA Marseille<\/span><\/li><li><span style=\"color:#f3d6be\" class=\"has-inline-color\">2014 &#8211; Dipl\u00f4me Architecte Habilit\u00e9e \u00e0 exercer en son nom propre \u00e0 l\u2019ENSA Marseille<\/span><\/li><li><span style=\"color:#f3d6be\" class=\"has-inline-color\">2017 &#8211; Inscription \u00e0 l\u2019Ordre des Architectes<\/span><\/li><li><span style=\"color:#f3d6be\" class=\"has-inline-color\">2020 &#8211; Formation R\u00e9novation Energ\u00e9tique DYNAMOE<\/span><\/li><\/ul>\n<\/div><\/div>\n<\/div><\/div>\n\n\n\n<hr class=\"wp-block-separator has-text-color has-background has-luminous-vivid-orange-background-color has-luminous-vivid-orange-color is-style-wide\"\/>\n\n\n\n<div class=\"wp-block-columns\">\n<div class=\"wp-block-column\" style=\"flex-basis:33.33%\">\n<div class=\"wp-block-image\"><figure class=\"aligncenter size-full is-resized\"><div class=\"mauer-stills-img-box-wrapper\"><div class=\"mauer-stills-img-box\" style=\"padding-top: 52.060221870279%;  width: 182px;\" data-mauer-stills-default-width= \"182\"><img data-aspect-ratio=\"1.9208523592\" data-thumbnail-aspect-ratio=\"1.9208523592\" loading=\"lazy\" src=\"https:\/\/audreythomas-architecte.com\/wp-content\/uploads\/2021\/07\/LOGO_ENGAGE_POUR_FAIRE_NOIR.jpg\" alt=\"\" class=\"wp-image-1225\" width=\"182\" height=\"94\" srcset=\"https:\/\/audreythomas-architecte.com\/wp-content\/uploads\/2021\/07\/LOGO_ENGAGE_POUR_FAIRE_NOIR.jpg 1262w, https:\/\/audreythomas-architecte.com\/wp-content\/uploads\/2021\/07\/LOGO_ENGAGE_POUR_FAIRE_NOIR-300x156.jpg 300w, https:\/\/audreythomas-architecte.com\/wp-content\/uploads\/2021\/07\/LOGO_ENGAGE_POUR_FAIRE_NOIR-768x400.jpg 768w, https:\/\/audreythomas-architecte.com\/wp-content\/uploads\/2021\/07\/LOGO_ENGAGE_POUR_FAIRE_NOIR-780x406.jpg 780w, https:\/\/audreythomas-architecte.com\/wp-content\/uploads\/2021\/07\/LOGO_ENGAGE_POUR_FAIRE_NOIR-892x464.jpg 892w, https:\/\/audreythomas-architecte.com\/wp-content\/uploads\/2021\/07\/LOGO_ENGAGE_POUR_FAIRE_NOIR-624x325.jpg 624w, https:\/\/audreythomas-architecte.com\/wp-content\/uploads\/2021\/07\/LOGO_ENGAGE_POUR_FAIRE_NOIR-586x305.jpg 586w, https:\/\/audreythomas-architecte.com\/wp-content\/uploads\/2021\/07\/LOGO_ENGAGE_POUR_FAIRE_NOIR-420x219.jpg 420w\" sizes=\"(max-width: 182px) 100vw, 182px\" \/><\/div><\/div><\/figure><\/div>\n<\/div>\n\n\n\n<div class=\"wp-block-column\"><\/div>\n\n\n\n<div class=\"wp-block-column\" style=\"flex-basis:66.66%\">\n<div class=\"wp-block-image\"><figure class=\"aligncenter size-full is-resized\"><div class=\"mauer-stills-img-box-wrapper\"><div class=\"mauer-stills-img-box\" style=\"padding-top: 17.223650385467%;  width: 358px;\" data-mauer-stills-default-width= \"358\"><img data-aspect-ratio=\"5.8059701493\" data-thumbnail-aspect-ratio=\"5.8059701493\" loading=\"lazy\" src=\"https:\/\/audreythomas-architecte.com\/wp-content\/uploads\/2021\/07\/07_-_oa.1.avec_mention-_mono_n_feminin_2.jpg\" alt=\"\" class=\"wp-image-1219\" width=\"358\" height=\"61\" srcset=\"https:\/\/audreythomas-architecte.com\/wp-content\/uploads\/2021\/07\/07_-_oa.1.avec_mention-_mono_n_feminin_2.jpg 1945w, https:\/\/audreythomas-architecte.com\/wp-content\/uploads\/2021\/07\/07_-_oa.1.avec_mention-_mono_n_feminin_2-300x52.jpg 300w, https:\/\/audreythomas-architecte.com\/wp-content\/uploads\/2021\/07\/07_-_oa.1.avec_mention-_mono_n_feminin_2-768x132.jpg 768w, https:\/\/audreythomas-architecte.com\/wp-content\/uploads\/2021\/07\/07_-_oa.1.avec_mention-_mono_n_feminin_2-1536x265.jpg 1536w, https:\/\/audreythomas-architecte.com\/wp-content\/uploads\/2021\/07\/07_-_oa.1.avec_mention-_mono_n_feminin_2-780x134.jpg 780w, https:\/\/audreythomas-architecte.com\/wp-content\/uploads\/2021\/07\/07_-_oa.1.avec_mention-_mono_n_feminin_2-892x154.jpg 892w, https:\/\/audreythomas-architecte.com\/wp-content\/uploads\/2021\/07\/07_-_oa.1.avec_mention-_mono_n_feminin_2-624x107.jpg 624w, https:\/\/audreythomas-architecte.com\/wp-content\/uploads\/2021\/07\/07_-_oa.1.avec_mention-_mono_n_feminin_2-586x101.jpg 586w, https:\/\/audreythomas-architecte.com\/wp-content\/uploads\/2021\/07\/07_-_oa.1.avec_mention-_mono_n_feminin_2-420x72.jpg 420w, https:\/\/audreythomas-architecte.com\/wp-content\/uploads\/2021\/07\/07_-_oa.1.avec_mention-_mono_n_feminin_2-1440x248.jpg 1440w\" sizes=\"(max-width: 358px) 100vw, 358px\" \/><\/div><\/div><\/figure><\/div>\n<\/div>\n<\/div>\n\n\n\n\n","protected":false},"excerpt":{"rendered":"<p>C\u2019est avec enthousiasme et curiosit\u00e9 que je travaille sur chacun des projets qui me sont confi\u00e9s. J\u2019accompagne mes clients dans chaque \u00e9tape, des esquisses jusqu\u2019\u00e0 la r\u00e9ception du chantier, pour pouvoir mettre en lumi\u00e8re des espaces qui r\u00e9pondent \u00e0 leurs<\/p>\n\t\t<div class=\"more-link-holder\">\n\t\t\t<a class=\"more-link\" href=\"https:\/\/audreythomas-architecte.com\/index.php\/a-propos-2\/\">read more <i class=\"fa fa-angle-right\"><\/i><\/a>\n\t\t<\/div>","protected":false},"author":1,"featured_media":1551,"parent":0,"menu_order":0,"comment_status":"closed","ping_status":"closed","template":"","meta":{"_eb_attr":"","spay_email":""},"_links":{"self":[{"href":"https:\/\/audreythomas-architecte.com\/index.php\/wp-json\/wp\/v2\/pages\/1184"}],"collection":[{"href":"https:\/\/audreythomas-architecte.com\/index.php\/wp-json\/wp\/v2\/pages"}],"about":[{"href":"https:\/\/audreythomas-architecte.com\/index.php\/wp-json\/wp\/v2\/types\/page"}],"author":[{"embeddable":true,"href":"https:\/\/audreythomas-architecte.com\/index.php\/wp-json\/wp\/v2\/users\/1"}],"replies":[{"embeddable":true,"href":"https:\/\/audreythomas-architecte.com\/index.php\/wp-json\/wp\/v2\/comments?post=1184"}],"version-history":[{"count":17,"href":"https:\/\/audreythomas-architecte.com\/index.php\/wp-json\/wp\/v2\/pages\/1184\/revisions"}],"predecessor-version":[{"id":1629,"href":"https:\/\/audreythomas-architecte.com\/index.php\/wp-json\/wp\/v2\/pages\/1184\/revisions\/1629"}],"wp:featuredmedia":[{"embeddable":true,"href":"https:\/\/audreythomas-architecte.com\/index.php\/wp-json\/wp\/v2\/media\/1551"}],"wp:attachment":[{"href":"https:\/\/audreythomas-architecte.com\/index.php\/wp-json\/wp\/v2\/media?parent=1184"}],"curies":[{"name":"wp","href":"https:\/\/api.w.org\/{rel}","templated":true}]}}

À PROPOS

<p>C’est avec enthousiasme et curiosité que je travaille sur chacun des projets qui me sont confiés.</p>



<p class="has-text-align-justify"><span style="color:#cbc8c2" class="has-inline-color">J’accompagne mes clients dans chaque étape, des esquisses jusqu’à la réception du chantier, pour pouvoir mettre en lumière des espaces qui répondent à leurs besoins. Mon approche s’adapte à chaque projet ce qui la rend unique. J’imagine les projets aussi bien dans leur forme que leur fond ce qui me permets d’avoir une approche globale des espaces à travailler.</span></p>



<p class="has-text-align-justify"><span style="color:#cbc8c2" class="has-inline-color">Sensible aux détails, je développe une architecture qui explore les liens entre les matériaux et les textures afin de lui donner du sens. Dans une démarche d’échange, garante de la justesse, de la cohérence du projet au regard du programme et du budget, je recherche de manière pragmatique le projet optimal répondant aux besoins du maître d’ouvrage.</span></p>



<hr class="wp-block-separator has-text-color has-background has-luminous-vivid-orange-background-color has-luminous-vivid-orange-color is-style-wide"/>



<div class="wp-block-group"><div class="wp-block-group__inner-container">
<div class="wp-block-group"><div class="wp-block-group__inner-container">
<ul class="has-text-color" style="color:#f3d6be"><li><span style="color:#f3d6be" class="has-inline-color">2011 &#8211; Diplôme Architecte d’Etat à l’ENSA Marseille</span></li><li><span style="color:#f3d6be" class="has-inline-color">2014 &#8211; Diplôme Architecte Habilitée à exercer en son nom propre à l’ENSA Marseille</span></li><li><span style="color:#f3d6be" class="has-inline-color">2017 &#8211; Inscription à l’Ordre des Architectes</span></li><li><span style="color:#f3d6be" class="has-inline-color">2020 &#8211; Formation Rénovation Energétique DYNAMOE</span></li></ul>
</div></div>
</div></div>



<hr class="wp-block-separator has-text-color has-background has-luminous-vivid-orange-background-color has-luminous-vivid-orange-color is-style-wide"/>



<div class="wp-block-columns">
<div class="wp-block-column" style="flex-basis:33.33%">
<div class="wp-block-image"><figure class="aligncenter size-full is-resized"><div class="mauer-stills-img-box-wrapper"><div class="mauer-stills-img-box" style="padding-top: 52.060221870279%;  width: 182px;" data-mauer-stills-default-width= "182"><img data-aspect-ratio="1.9208523592" data-thumbnail-aspect-ratio="1.9208523592" loading="lazy" src="https://audreythomas-architecte.com/wp-content/uploads/2021/07/LOGO_ENGAGE_POUR_FAIRE_NOIR.jpg" alt="" class="wp-image-1225" width="182" height="94" srcset="https://audreythomas-architecte.com/wp-content/uploads/2021/07/LOGO_ENGAGE_POUR_FAIRE_NOIR.jpg 1262w, https://audreythomas-architecte.com/wp-content/uploads/2021/07/LOGO_ENGAGE_POUR_FAIRE_NOIR-300x156.jpg 300w, https://audreythomas-architecte.com/wp-content/uploads/2021/07/LOGO_ENGAGE_POUR_FAIRE_NOIR-768x400.jpg 768w, https://audreythomas-architecte.com/wp-content/uploads/2021/07/LOGO_ENGAGE_POUR_FAIRE_NOIR-780x406.jpg 780w, https://audreythomas-architecte.com/wp-content/uploads/2021/07/LOGO_ENGAGE_POUR_FAIRE_NOIR-892x464.jpg 892w, https://audreythomas-architecte.com/wp-content/uploads/2021/07/LOGO_ENGAGE_POUR_FAIRE_NOIR-624x325.jpg 624w, https://audreythomas-architecte.com/wp-content/uploads/2021/07/LOGO_ENGAGE_POUR_FAIRE_NOIR-586x305.jpg 586w, https://audreythomas-architecte.com/wp-content/uploads/2021/07/LOGO_ENGAGE_POUR_FAIRE_NOIR-420x219.jpg 420w" sizes="(max-width: 182px) 100vw, 182px" /></div></div></figure></div>
</div>



<div class="wp-block-column"></div>



<div class="wp-block-column" style="flex-basis:66.66%">
<div class="wp-block-image"><figure class="aligncenter size-full is-resized"><div class="mauer-stills-img-box-wrapper"><div class="mauer-stills-img-box" style="padding-top: 17.223650385467%;  width: 358px;" data-mauer-stills-default-width= "358"><img data-aspect-ratio="5.8059701493" data-thumbnail-aspect-ratio="5.8059701493" loading="lazy" src="https://audreythomas-architecte.com/wp-content/uploads/2021/07/07_-_oa.1.avec_mention-_mono_n_feminin_2.jpg" alt="" class="wp-image-1219" width="358" height="61" srcset="https://audreythomas-architecte.com/wp-content/uploads/2021/07/07_-_oa.1.avec_mention-_mono_n_feminin_2.jpg 1945w, https://audreythomas-architecte.com/wp-content/uploads/2021/07/07_-_oa.1.avec_mention-_mono_n_feminin_2-300x52.jpg 300w, https://audreythomas-architecte.com/wp-content/uploads/2021/07/07_-_oa.1.avec_mention-_mono_n_feminin_2-768x132.jpg 768w, https://audreythomas-architecte.com/wp-content/uploads/2021/07/07_-_oa.1.avec_mention-_mono_n_feminin_2-1536x265.jpg 1536w, https://audreythomas-architecte.com/wp-content/uploads/2021/07/07_-_oa.1.avec_mention-_mono_n_feminin_2-780x134.jpg 780w, https://audreythomas-architecte.com/wp-content/uploads/2021/07/07_-_oa.1.avec_mention-_mono_n_feminin_2-892x154.jpg 892w, https://audreythomas-architecte.com/wp-content/uploads/2021/07/07_-_oa.1.avec_mention-_mono_n_feminin_2-624x107.jpg 624w, https://audreythomas-architecte.com/wp-content/uploads/2021/07/07_-_oa.1.avec_mention-_mono_n_feminin_2-586x101.jpg 586w, https://audreythomas-architecte.com/wp-content/uploads/2021/07/07_-_oa.1.avec_mention-_mono_n_feminin_2-420x72.jpg 420w, https://audreythomas-architecte.com/wp-content/uploads/2021/07/07_-_oa.1.avec_mention-_mono_n_feminin_2-1440x248.jpg 1440w" sizes="(max-width: 358px) 100vw, 358px" /></div></div></figure></div>
</div>
</div>

<p>C’est avec enthousiasme et curiosité que je travaille sur chacun des projets qui me sont confiés. J’accompagne mes clients dans chaque étape, des esquisses jusqu’à la réception du chantier, pour pouvoir mettre en lumière des espaces qui répondent à leurs</p>
		<div class="more-link-holder">
			<a class="more-link" href="https://audreythomas-architecte.com/index.php/a-propos-2/">read more <i class="fa fa-angle-right"></i></a>
		</div>
